{"id":528,"date":"2020-01-11T19:48:22","date_gmt":"2020-01-11T16:48:22","guid":{"rendered":"http:\/\/zekpen.com\/?page_id=528"},"modified":"2020-01-11T19:52:39","modified_gmt":"2020-01-11T16:52:39","slug":"cerez-politikasi","status":"publish","type":"page","link":"https:\/\/www.zekpen.com\/index.php\/cerez-politikasi","title":{"rendered":"\u00c7erez Politikas\u0131"},"content":{"rendered":"<p><strong>GENEL<\/strong><\/p>\n<p>Kullan\u0131lmakta olan internet taray\u0131c\u0131s\u0131 arac\u0131l\u0131\u011f\u0131 ile internet a\u011f sunucusu taraf\u0131ndan kullan\u0131c\u0131lar\u0131n cihazlar\u0131na g\u00f6nderilen k\u00fc\u00e7\u00fck veri dosyalar\u0131 \u00e7erez olarak an\u0131lmakta olup, internet siteleri bu \u00e7erezler vas\u0131tas\u0131 ile kullan\u0131c\u0131lar\u0131 tan\u0131maktad\u0131r ve \u00e7erezlerin \u00f6mr\u00fc taray\u0131c\u0131 ayarlar\u0131na ba\u011fl\u0131 olarak farkl\u0131la\u015fmaktad\u0131r.<\/p>\n<p>Bu \u00e7erezler, zekpen taraf\u0131ndan y\u00f6netilmekte olan sistemler arac\u0131l\u0131\u011f\u0131yla olu\u015fturulmakla birlikte, ayn\u0131 zamanda zekpen taraf\u0131ndan yetkilendirilen baz\u0131 hizmet sa\u011flay\u0131c\u0131lar kullan\u0131c\u0131lar\u0131n cihazlar\u0131na benzeri teknolojiler yerle\u015ftirerek IP adresi, benzersiz tan\u0131mlay\u0131c\u0131 ve cihaz tan\u0131mlay\u0131c\u0131 gibi bilgileri edinebilmektedir. Ayr\u0131ca, zekpen sistemlerinde bulunan \u00fc\u00e7\u00fcnc\u00fc taraflara ait linkler, bu \u00fc\u00e7\u00fcnc\u00fc taraflara ait gizlilik politikalar\u0131na tabi olmakla birlikte, gizlilik uygulamalar\u0131na ait sorumluluk zekpen\u2019e ait olmamaktad\u0131r ve bu ba\u011flamda ilgili link kapsam\u0131ndaki site ziyaret edildi\u011finde siteye ait gizlilik politikas\u0131n\u0131n okunmas\u0131 \u00f6nerilmektedir.<\/p>\n<p>&nbsp;<\/p>\n<p><strong>\u00c7EREZ T\u00dcRLER\u0130<\/strong><\/p>\n<p>Ana kullan\u0131m amac\u0131 kullan\u0131c\u0131lara kolayl\u0131k sa\u011flamak olan \u00e7erezler, temel olarak 4 ana grupta toplanmaktad\u0131r:<\/p>\n<p><em>Oturum \u00c7erezleri (Zorunlu \u00c7erezler):<\/em>&nbsp;\u0130nternet sayfalar\u0131 aras\u0131nda bilgi ta\u015f\u0131nmas\u0131 ve kullan\u0131c\u0131 taraf\u0131ndan girilen bilgilerin sistemsel olarak hat\u0131rlanmas\u0131 gibi \u00e7e\u015fitli \u00f6zelliklerden faydalanmaya olanak sa\u011flayan \u00e7erezlerdir ve zekpen kurumsal internet sitesine ait fonksiyonlar\u0131n d\u00fczg\u00fcn bir \u015fekilde i\u015fleyebilmesi i\u00e7in gereklidir.<\/p>\n<p><em>Performans \u00c7erezleri:<\/em>&nbsp;Sayfalar\u0131n ziyaret edilme frekans\u0131, olas\u0131 hata iletileri, kullan\u0131c\u0131lar\u0131n ilgili sayfada harcad\u0131klar\u0131 toplam zaman ile birlikte siteyi kullan\u0131m desenleri konular\u0131nda bilgi toplayan \u00e7erezlerdir ve zekpen kurumsal internet sitesinin performans\u0131n\u0131 artt\u0131rma amac\u0131yla kullan\u0131lmaktad\u0131r.<\/p>\n<p><em>Fonksiyonel \u00c7erezler:<\/em>&nbsp;Kullan\u0131c\u0131ya kolayl\u0131k sa\u011flanmas\u0131 amac\u0131yla \u00f6nceden se\u00e7ili olan se\u00e7eneklerin hat\u0131rlat\u0131lmas\u0131n\u0131 sa\u011flayan \u00e7erezlerdir ve zekpen kurumsal internet sitesi kapsam\u0131nda kullan\u0131c\u0131lara geli\u015fmi\u015f internet \u00f6zellikleri sa\u011flanmas\u0131n\u0131 hedeflemektedir.<\/p>\n<p><em>Reklam Ve \u00dc\u00e7\u00fcnc\u00fc Taraf \u00c7erezleri:<\/em>&nbsp;\u00dc\u00e7\u00fcnc\u00fc parti tedarik\u00e7ilere ait \u00e7erezlerdir ve zekpen kurumsal internet sitesindeki baz\u0131 fonksiyonlar\u0131n kullan\u0131m\u0131na ve reklam takibinin yap\u0131lmas\u0131na olanak sa\u011flamaktad\u0131r.<\/p>\n<p><strong>\u00c7EREZLER\u0130N KULLANIM AMA\u00c7LARI<\/strong><\/p>\n<p>zekpen taraf\u0131ndan kullan\u0131lmakta olan \u00e7erezlere ait kullan\u0131m ama\u00e7lar\u0131 a\u015fa\u011f\u0131daki gibidir:<\/p>\n<p>Operasyonel ama\u00e7l\u0131 kullan\u0131mlar: zekpen, sistemlerinin idaresi ve g\u00fcvenli\u011finin sa\u011flanmas\u0131 amac\u0131yla, bu sitedeki fonksiyonlardan yararlanmay\u0131 sa\u011flayan veyahut ta d\u00fczensiz davran\u0131\u015flar\u0131 tespit eden \u00e7erezler kullanabilmektedir.<\/p>\n<p>\u0130\u015flevselli\u011fe y\u00f6nelik kullan\u0131mlar: zekpen, sistemlerinin kullan\u0131m\u0131n\u0131 kolayla\u015ft\u0131rmak ve kullan\u0131c\u0131 \u00f6zelinde kullan\u0131m \u00f6zellikleri sa\u011flamak amac\u0131yla, kullan\u0131c\u0131lar\u0131n bilgilerini ve ge\u00e7mi\u015f se\u00e7imlerini hat\u0131rlatan \u00e7erezler kullanabilmektedir.<\/p>\n<p>Performansa y\u00f6nelik kullan\u0131mlar: zekpen, sistemlerinin performans\u0131n\u0131n art\u0131r\u0131lmas\u0131 ve \u00f6l\u00e7\u00fclmesi amac\u0131yla, g\u00f6nderilen iletilerle olan etkile\u015fimi ve kullan\u0131c\u0131 davran\u0131\u015flar\u0131n\u0131 de\u011ferlendiren ve analiz eden \u00e7erezler kullanabilmektedir.<\/p>\n<p>Reklam ama\u00e7l\u0131 kullan\u0131mlar: zekpen, kendine veya \u00fc\u00e7\u00fcnc\u00fc taraflara ait sistemlerin \u00fczerinden kullan\u0131c\u0131lar\u0131n ilgi alanlar\u0131 kapsam\u0131nda reklam ve benzeri i\u00e7eriklerin iletilmesi amac\u0131yla, bu reklamlar\u0131n etkinli\u011fini \u00f6l\u00e7en veya t\u0131klanma durumunu analiz eden \u00e7erezler kullanabilmektedir.<\/p>\n<p><strong>\u00c7EREZLER\u0130 DEVRE DI\u015eI BIRAKMA<\/strong><\/p>\n<p>\u00c7erez kullan\u0131m\u0131 bir\u00e7ok taray\u0131c\u0131da \u00f6nceden tan\u0131ml\u0131 bir \u015fekilde se\u00e7ili olarak bulunmaktad\u0131r ve kullan\u0131c\u0131lar bu se\u00e7im durumunu taray\u0131c\u0131 ayarlar\u0131ndan de\u011fi\u015ftirebilmekte ve dolay\u0131s\u0131yla da mevcut \u00e7erezleri silip ileriki \u00e7erez kullan\u0131mlar\u0131n\u0131 da reddedebilmektedir; bununla birlikte \u00e7erez kullan\u0131m\u0131n\u0131n iptal edilmesi halinde zekpen sistemlerindeki bir tak\u0131m \u00f6zelliklerden faydalan\u0131lamamas\u0131 s\u00f6z konusu olabilmektedir.<\/p>\n<p>\u00c7erezlerin kullan\u0131lmas\u0131 istenmiyor ise internet taray\u0131c\u0131lar\u0131n\u0131n \u201cyard\u0131m\u201d dosyas\u0131nda verilen talimatlar izlenerek veya www.allaboutcookies.org veya www.youronlinechoices.eu adresleri ziyaret edilerek oturum \u00e7erezleri reddedilebilir. Yine ayn\u0131 web sitelerinden \u00e7erezler ve kullan\u0131m alanlar\u0131 ile ilgili olarak daha geni\u015f bilgi al\u0131nabilir. \u00c7erezler reddedilse de web sitesi kullan\u0131lmaya devam edilebilir.<\/p>\n<p>&nbsp;<\/p>\n<p><strong>\u0130STEKLER\u0130N\u0130Z VE SORULARINIZ<\/strong><\/p>\n<p>Depolanan bilgiler, yasal veya s\u00f6zle\u015fme ile tan\u0131mlanm\u0131\u015f dosyalama s\u00fcresi sona erdi\u011finde veya zekpen\u00b4nin art\u0131k gereksinimi kalmamas\u0131 halinde zekpen taraf\u0131ndan silinecektir. Ancak, istedi\u011finiz zaman size ait bilgilerin silinmesini talep edebilirsiniz. Bu t\u00fcr durumlarda ya da ki\u015fisel bilgilerinize ait di\u011fer t\u00fcm sorular\u0131n\u0131z konusunda info@zekpen.com adresine elektronik posta yoluyla dan\u0131\u015fabilirsiniz. Size ait bilgilerin saklanmas\u0131na ve bu bilgilerin kullan\u0131m alanlar\u0131na ili\u015fkin sorular\u0131n\u0131z i\u00e7in bizimle yine ayn\u0131 y\u00f6ntemle temasa ge\u00e7ebilirsiniz. Taleplerinize yan\u0131t verme s\u00fcresi kanuni olarak 30 g\u00fcn olmakla birlikte, bu s\u00fcreden daha k\u0131sa bir zamanda size yan\u0131t vermek i\u00e7in elimizden gelen t\u00fcm \u00e7abay\u0131 g\u00f6sterece\u011fimizden emin olabilirsiniz.<\/p>\n","protected":false},"excerpt":{"rendered":"<p>GENEL Kullan\u0131lmakta olan internet taray\u0131c\u0131s\u0131 arac\u0131l\u0131\u011f\u0131 ile internet a\u011f sunucusu taraf\u0131ndan kullan\u0131c\u0131lar\u0131n cihazlar\u0131na g\u00f6nderilen k\u00fc\u00e7\u00fck veri dosyalar\u0131 \u00e7erez olarak an\u0131lmakta olup, internet siteleri bu \u00e7erezler vas\u0131tas\u0131 ile kullan\u0131c\u0131lar\u0131 tan\u0131maktad\u0131r ve \u00e7erezlerin \u00f6mr\u00fc taray\u0131c\u0131 ayarlar\u0131na ba\u011fl\u0131 olarak farkl\u0131la\u015fmaktad\u0131r. Bu \u00e7erezler, zekpen taraf\u0131ndan y\u00f6netilmekte olan sistemler arac\u0131l\u0131\u011f\u0131yla olu\u015fturulmakla birlikte, ayn\u0131 zamanda zekpen taraf\u0131ndan yetkilendirilen baz\u0131 hizmet sa\u011flay\u0131c\u0131lar [&hellip;]<\/p>\n","protected":false},"author":1,"featured_media":0,"parent":0,"menu_order":0,"comment_status":"closed","ping_status":"closed","template":"","meta":{"ngg_post_thumbnail":0,"footnotes":""},"yoast_head":"<!-- This site is optimized with the Yoast SEO plugin v19.1 - https:\/\/yoast.com\/wordpress\/plugins\/seo\/ -->\r\n<title>\u00c7erez Politikas\u0131 - ZEKPEN Al\u00fcminyum Do\u011frama ve PVC Sistemleri<\/title>\r\n<meta name=\"robots\" content=\"index, follow, max-snippet:-1, max-image-preview:large, max-video-preview:-1\" \/>\r\n<link rel=\"canonical\" href=\"https:\/\/www.zekpen.com\/index.php\/cerez-politikasi\" \/>\r\n<meta property=\"og:locale\" content=\"tr_TR\" \/>\r\n<meta property=\"og:type\" content=\"article\" \/>\r\n<meta property=\"og:title\" content=\"\u00c7erez Politikas\u0131 - ZEKPEN Al\u00fcminyum Do\u011frama ve PVC Sistemleri\" \/>\r\n<meta property=\"og:description\" content=\"GENEL Kullan\u0131lmakta olan internet taray\u0131c\u0131s\u0131 arac\u0131l\u0131\u011f\u0131 ile internet a\u011f sunucusu taraf\u0131ndan kullan\u0131c\u0131lar\u0131n cihazlar\u0131na g\u00f6nderilen k\u00fc\u00e7\u00fck veri dosyalar\u0131 \u00e7erez olarak an\u0131lmakta olup, internet siteleri bu \u00e7erezler vas\u0131tas\u0131 ile kullan\u0131c\u0131lar\u0131 tan\u0131maktad\u0131r ve \u00e7erezlerin \u00f6mr\u00fc taray\u0131c\u0131 ayarlar\u0131na ba\u011fl\u0131 olarak farkl\u0131la\u015fmaktad\u0131r. Bu \u00e7erezler, zekpen taraf\u0131ndan y\u00f6netilmekte olan sistemler arac\u0131l\u0131\u011f\u0131yla olu\u015fturulmakla birlikte, ayn\u0131 zamanda zekpen taraf\u0131ndan yetkilendirilen baz\u0131 hizmet sa\u011flay\u0131c\u0131lar [&hellip;]\" \/>\r\n<meta property=\"og:url\" content=\"https:\/\/www.zekpen.com\/index.php\/cerez-politikasi\" \/>\r\n<meta property=\"og:site_name\" content=\"ZEKPEN Al\u00fcminyum Do\u011frama ve PVC Sistemleri\" \/>\r\n<meta property=\"article:modified_time\" content=\"2020-01-11T16:52:39+00:00\" \/>\r\n<meta name=\"twitter:card\" content=\"summary_large_image\" \/>\r\n<meta name=\"twitter:label1\" content=\"Tahmini okuma s\u00fcresi\" \/>\n\t<meta name=\"twitter:data1\" content=\"4 dakika\" \/>\r\n<script type=\"application\/ld+json\" class=\"yoast-schema-graph\">{\"@context\":\"https:\/\/schema.org\",\"@graph\":[{\"@type\":\"WebSite\",\"@id\":\"https:\/\/www.zekpen.com\/#website\",\"url\":\"https:\/\/www.zekpen.com\/\",\"name\":\"ZEKPEN Al\u00fcminyum Do\u011frama ve PVC Sistemleri\",\"description\":\"gebze, dar\u0131ca, cam balkon, pimapen, al\u00fcminyum, pencere, plise, sineklik\",\"potentialAction\":[{\"@type\":\"SearchAction\",\"target\":{\"@type\":\"EntryPoint\",\"urlTemplate\":\"https:\/\/www.zekpen.com\/?s={search_term_string}\"},\"query-input\":\"required name=search_term_string\"}],\"inLanguage\":\"tr\"},{\"@type\":\"WebPage\",\"@id\":\"https:\/\/www.zekpen.com\/index.php\/cerez-politikasi#webpage\",\"url\":\"https:\/\/www.zekpen.com\/index.php\/cerez-politikasi\",\"name\":\"\u00c7erez Politikas\u0131 - ZEKPEN Al\u00fcminyum Do\u011frama ve PVC Sistemleri\",\"isPartOf\":{\"@id\":\"https:\/\/www.zekpen.com\/#website\"},\"datePublished\":\"2020-01-11T16:48:22+00:00\",\"dateModified\":\"2020-01-11T16:52:39+00:00\",\"breadcrumb\":{\"@id\":\"https:\/\/www.zekpen.com\/index.php\/cerez-politikasi#breadcrumb\"},\"inLanguage\":\"tr\",\"potentialAction\":[{\"@type\":\"ReadAction\",\"target\":[\"https:\/\/www.zekpen.com\/index.php\/cerez-politikasi\"]}]},{\"@type\":\"BreadcrumbList\",\"@id\":\"https:\/\/www.zekpen.com\/index.php\/cerez-politikasi#breadcrumb\",\"itemListElement\":[{\"@type\":\"ListItem\",\"position\":1,\"name\":\"\u00c7erez Politikas\u0131\"}]}]}<\/script>\r\n<!-- \/ Yoast SEO plugin. -->","yoast_head_json":{"title":"\u00c7erez Politikas\u0131 - ZEKPEN Al\u00fcminyum Do\u011frama ve PVC Sistemleri","robots":{"index":"index","follow":"follow","max-snippet":"max-snippet:-1","max-image-preview":"max-image-preview:large","max-video-preview":"max-video-preview:-1"},"canonical":"https:\/\/www.zekpen.com\/index.php\/cerez-politikasi","og_locale":"tr_TR","og_type":"article","og_title":"\u00c7erez Politikas\u0131 - ZEKPEN Al\u00fcminyum Do\u011frama ve PVC Sistemleri","og_description":"GENEL Kullan\u0131lmakta olan internet taray\u0131c\u0131s\u0131 arac\u0131l\u0131\u011f\u0131 ile internet a\u011f sunucusu taraf\u0131ndan kullan\u0131c\u0131lar\u0131n cihazlar\u0131na g\u00f6nderilen k\u00fc\u00e7\u00fck veri dosyalar\u0131 \u00e7erez olarak an\u0131lmakta olup, internet siteleri bu \u00e7erezler vas\u0131tas\u0131 ile kullan\u0131c\u0131lar\u0131 tan\u0131maktad\u0131r ve \u00e7erezlerin \u00f6mr\u00fc taray\u0131c\u0131 ayarlar\u0131na ba\u011fl\u0131 olarak farkl\u0131la\u015fmaktad\u0131r. Bu \u00e7erezler, zekpen taraf\u0131ndan y\u00f6netilmekte olan sistemler arac\u0131l\u0131\u011f\u0131yla olu\u015fturulmakla birlikte, ayn\u0131 zamanda zekpen taraf\u0131ndan yetkilendirilen baz\u0131 hizmet sa\u011flay\u0131c\u0131lar [&hellip;]","og_url":"https:\/\/www.zekpen.com\/index.php\/cerez-politikasi","og_site_name":"ZEKPEN Al\u00fcminyum Do\u011frama ve PVC Sistemleri","article_modified_time":"2020-01-11T16:52:39+00:00","twitter_card":"summary_large_image","twitter_misc":{"Tahmini okuma s\u00fcresi":"4 dakika"},"schema":{"@context":"https:\/\/schema.org","@graph":[{"@type":"WebSite","@id":"https:\/\/www.zekpen.com\/#website","url":"https:\/\/www.zekpen.com\/","name":"ZEKPEN Al\u00fcminyum Do\u011frama ve PVC Sistemleri","description":"gebze, dar\u0131ca, cam balkon, pimapen, al\u00fcminyum, pencere, plise, sineklik","potentialAction":[{"@type":"SearchAction","target":{"@type":"EntryPoint","urlTemplate":"https:\/\/www.zekpen.com\/?s={search_term_string}"},"query-input":"required name=search_term_string"}],"inLanguage":"tr"},{"@type":"WebPage","@id":"https:\/\/www.zekpen.com\/index.php\/cerez-politikasi#webpage","url":"https:\/\/www.zekpen.com\/index.php\/cerez-politikasi","name":"\u00c7erez Politikas\u0131 - ZEKPEN Al\u00fcminyum Do\u011frama ve PVC Sistemleri","isPartOf":{"@id":"https:\/\/www.zekpen.com\/#website"},"datePublished":"2020-01-11T16:48:22+00:00","dateModified":"2020-01-11T16:52:39+00:00","breadcrumb":{"@id":"https:\/\/www.zekpen.com\/index.php\/cerez-politikasi#breadcrumb"},"inLanguage":"tr","potentialAction":[{"@type":"ReadAction","target":["https:\/\/www.zekpen.com\/index.php\/cerez-politikasi"]}]},{"@type":"BreadcrumbList","@id":"https:\/\/www.zekpen.com\/index.php\/cerez-politikasi#breadcrumb","itemListElement":[{"@type":"ListItem","position":1,"name":"\u00c7erez Politikas\u0131"}]}]}},"_links":{"self":[{"href":"https:\/\/www.zekpen.com\/index.php\/wp-json\/wp\/v2\/pages\/528"}],"collection":[{"href":"https:\/\/www.zekpen.com\/index.php\/wp-json\/wp\/v2\/pages"}],"about":[{"href":"https:\/\/www.zekpen.com\/index.php\/wp-json\/wp\/v2\/types\/page"}],"author":[{"embeddable":true,"href":"https:\/\/www.zekpen.com\/index.php\/wp-json\/wp\/v2\/users\/1"}],"replies":[{"embeddable":true,"href":"https:\/\/www.zekpen.com\/index.php\/wp-json\/wp\/v2\/comments?post=528"}],"version-history":[{"count":3,"href":"https:\/\/www.zekpen.com\/index.php\/wp-json\/wp\/v2\/pages\/528\/revisions"}],"predecessor-version":[{"id":531,"href":"https:\/\/www.zekpen.com\/index.php\/wp-json\/wp\/v2\/pages\/528\/revisions\/531"}],"wp:attachment":[{"href":"https:\/\/www.zekpen.com\/index.php\/wp-json\/wp\/v2\/media?parent=528"}],"curies":[{"name":"wp","href":"https:\/\/api.w.org\/{rel}","templated":true}]}}